{"id":3887,"date":"2024-01-08T12:22:02","date_gmt":"2024-01-08T11:22:02","guid":{"rendered":"https:\/\/musiqueancienne.be\/events\/bal-renaissance-festivita\/"},"modified":"2024-01-08T13:52:35","modified_gmt":"2024-01-08T12:52:35","slug":"bal-renaissance-festivita","status":"publish","type":"mec-events","link":"https:\/\/musiqueancienne.be\/en\/events\/bal-renaissance-festivita\/","title":{"rendered":"Bal Renaissance &#8211; Festivita!"},"content":{"rendered":"<p>Les Sonadori, accompagn\u00e9s par des \u00e9tudiants en musique ancienne du Conservatoire Royal de Musique de Bruxelles vous feront danser sous la conduite du Ma\u00eetre Lieven Baert et de ses danseurs costum\u00e9s dans des chor\u00e9graphies historiques.<br \/>\nPendant ce moment convivial, sous les grands lustres de la salle des Caryatides, vous vous croirez au Grand Bal annuel \u00e0 la Cour des Archiducs Albert et Isabelle !<\/p>","protected":false},"excerpt":{"rendered":"<p>Les Sonadori, accompagn\u00e9s par des \u00e9tudiants en musique ancienne du Conservatoire Royal de Musique de Bruxelles vous feront danser sous la conduite du Ma\u00eetre Lieven Baert et de ses danseurs costum\u00e9s dans des chor\u00e9graphies historiques. Pendant ce moment convivial, sous les grands lustres de la salle des Caryatides, vous vous croirez au Grand Bal annuel&#8230;<\/p>","protected":false},"author":1,"featured_media":0,"comment_status":"closed","ping_status":"closed","template":"","meta":{"_kad_blocks_custom_css":"","_kad_blocks_head_custom_js":"","_kad_blocks_body_custom_js":"","_kad_blocks_footer_custom_js":"","_kad_post_transparent":"","_kad_post_title":"","_kad_post_layout":"","_kad_post_sidebar_id":"","_kad_post_content_style":"","_kad_post_vertical_padding":"","_kad_post_feature":"","_kad_post_feature_position":"","_kad_post_header":false,"_kad_post_footer":false,"_kad_post_classname":""},"tags":[],"mec_category":[],"class_list":["post-3887","mec-events","type-mec-events","status-publish","hentry"],"taxonomy_info":[],"featured_image_src_large":false,"author_info":{"display_name":"musiqueancienne","author_link":"https:\/\/musiqueancienne.be\/en\/author\/musiqueancienne\/"},"comment_info":0,"_links":{"self":[{"href":"https:\/\/musiqueancienne.be\/en\/wp-json\/wp\/v2\/mec-events\/3887","targetHints":{"allow":["GET"]}}],"collection":[{"href":"https:\/\/musiqueancienne.be\/en\/wp-json\/wp\/v2\/mec-events"}],"about":[{"href":"https:\/\/musiqueancienne.be\/en\/wp-json\/wp\/v2\/types\/mec-events"}],"author":[{"embeddable":true,"href":"https:\/\/musiqueancienne.be\/en\/wp-json\/wp\/v2\/users\/1"}],"replies":[{"embeddable":true,"href":"https:\/\/musiqueancienne.be\/en\/wp-json\/wp\/v2\/comments?post=3887"}],"wp:attachment":[{"href":"https:\/\/musiqueancienne.be\/en\/wp-json\/wp\/v2\/media?parent=3887"}],"wp:term":[{"taxonomy":"post_tag","embeddable":true,"href":"https:\/\/musiqueancienne.be\/en\/wp-json\/wp\/v2\/tags?post=3887"},{"taxonomy":"mec_category","embeddable":true,"href":"https:\/\/musiqueancienne.be\/en\/wp-json\/wp\/v2\/mec_category?post=3887"}],"curies":[{"name":"wp","href":"https:\/\/api.w.org\/{rel}","templated":true}]}}

<p>Les Sonadori, accompagnés par des étudiants en musique ancienne du Conservatoire Royal de Musique de Bruxelles vous feront danser sous la conduite du Maître Lieven Baert et de ses danseurs costumés dans des chorégraphies historiques.<br />
Pendant ce moment convivial, sous les grands lustres de la salle des Caryatides, vous vous croirez au Grand Bal annuel à la Cour des Archiducs Albert et Isabelle !</p>

<p>Les Sonadori, accompagnés par des étudiants en musique ancienne du Conservatoire Royal de Musique de Bruxelles vous feront danser sous la conduite du Maître Lieven Baert et de ses danseurs costumés dans des chorégraphies historiques. Pendant ce moment convivial, sous les grands lustres de la salle des Caryatides, vous vous croirez au Grand Bal annuel&#8230;</p>
