{"id":4501,"date":"2024-09-27T10:13:37","date_gmt":"2024-09-27T08:13:37","guid":{"rendered":"https:\/\/musiqueancienne.be\/?post_type=mec-events&#038;p=4501"},"modified":"2024-09-28T11:09:42","modified_gmt":"2024-09-28T09:09:42","slug":"purcell-et-ses-influences","status":"publish","type":"mec-events","link":"https:\/\/musiqueancienne.be\/en\/events\/purcell-et-ses-influences\/","title":{"rendered":"Purcell et ses influences"},"content":{"rendered":"<p><span style=\"font-weight: 400;\">As part of its production of Purcell's Dido and \u00c6neas, which will be performed in its entirety in November, the Conservatoire's Collegium Musicum, under the direction of Bernard Wolt\u00e8che, is teaming up as it does every year with Beno\u00eet Mernier's Conservatoire organ class to bring you a concert combining vocal music and organ.<\/span><\/p>\n<p><strong>Direction : <a href=\"https:\/\/musiqueancienne.be\/en\/notre-equipe\/bernard-wolteche-2\/\">Bernard Wolt\u00e8che<\/a><\/strong><\/p>\n\n\n<p><\/p>","protected":false},"excerpt":{"rendered":"<p>Dans le cadre de sa production Dido and \u00c6neas de Purcell\u00a0 qui sera donn\u00e9 dans son int\u00e9gralit\u00e9 en novembre, le Collegium Musicum du Conservatoire, sous la direction de Bernard Wolt\u00e8che, s\u2019associe comme chaque ann\u00e9e avec la classe d\u2019orgue du Conservatoire de Beno\u00eet Mernier pour vous donner un concert m\u00ealant musique vocale et orgue. Direction :&#8230;<\/p>","protected":false},"author":1,"featured_media":0,"comment_status":"closed","ping_status":"closed","template":"","meta":{"_kad_blocks_custom_css":"","_kad_blocks_head_custom_js":"","_kad_blocks_body_custom_js":"","_kad_blocks_footer_custom_js":"","_kad_post_transparent":"default","_kad_post_title":"default","_kad_post_layout":"default","_kad_post_sidebar_id":"","_kad_post_content_style":"default","_kad_post_vertical_padding":"default","_kad_post_feature":"","_kad_post_feature_position":"","_kad_post_header":false,"_kad_post_footer":false,"_kad_post_classname":""},"tags":[],"mec_category":[],"class_list":["post-4501","mec-events","type-mec-events","status-publish","hentry"],"taxonomy_info":[],"featured_image_src_large":false,"author_info":{"display_name":"musiqueancienne","author_link":"https:\/\/musiqueancienne.be\/en\/author\/musiqueancienne\/"},"comment_info":0,"_links":{"self":[{"href":"https:\/\/musiqueancienne.be\/en\/wp-json\/wp\/v2\/mec-events\/4501","targetHints":{"allow":["GET"]}}],"collection":[{"href":"https:\/\/musiqueancienne.be\/en\/wp-json\/wp\/v2\/mec-events"}],"about":[{"href":"https:\/\/musiqueancienne.be\/en\/wp-json\/wp\/v2\/types\/mec-events"}],"author":[{"embeddable":true,"href":"https:\/\/musiqueancienne.be\/en\/wp-json\/wp\/v2\/users\/1"}],"replies":[{"embeddable":true,"href":"https:\/\/musiqueancienne.be\/en\/wp-json\/wp\/v2\/comments?post=4501"}],"wp:attachment":[{"href":"https:\/\/musiqueancienne.be\/en\/wp-json\/wp\/v2\/media?parent=4501"}],"wp:term":[{"taxonomy":"post_tag","embeddable":true,"href":"https:\/\/musiqueancienne.be\/en\/wp-json\/wp\/v2\/tags?post=4501"},{"taxonomy":"mec_category","embeddable":true,"href":"https:\/\/musiqueancienne.be\/en\/wp-json\/wp\/v2\/mec_category?post=4501"}],"curies":[{"name":"wp","href":"https:\/\/api.w.org\/{rel}","templated":true}]}}

<p><span style="font-weight: 400;">As part of its production of Purcell's Dido and Æneas, which will be performed in its entirety in November, the Conservatoire's Collegium Musicum, under the direction of Bernard Woltèche, is teaming up as it does every year with Benoît Mernier's Conservatoire organ class to bring you a concert combining vocal music and organ.</span></p>
<p><strong>Direction : <a href="https://musiqueancienne.be/en/notre-equipe/bernard-wolteche-2/">Bernard Woltèche</a></strong></p>


<p></p>

<p>Dans le cadre de sa production Dido and Æneas de Purcell  qui sera donné dans son intégralité en novembre, le Collegium Musicum du Conservatoire, sous la direction de Bernard Woltèche, s’associe comme chaque année avec la classe d’orgue du Conservatoire de Benoît Mernier pour vous donner un concert mêlant musique vocale et orgue. Direction :&#8230;</p>
