{"id":4540,"date":"2025-01-15T19:25:42","date_gmt":"2025-01-15T18:25:42","guid":{"rendered":"https:\/\/musiqueancienne.be\/?post_type=mec-events&#038;p=4540"},"modified":"2025-01-15T19:26:53","modified_gmt":"2025-01-15T18:26:53","slug":"souffles-sur-venise-concert-du-flutelab-bxl","status":"publish","type":"mec-events","link":"https:\/\/musiqueancienne.be\/en\/events\/souffles-sur-venise-concert-du-flutelab-bxl\/","title":{"rendered":"&#8220;Souffles sur Venise &#8220;, concert du FluteLab BXL"},"content":{"rendered":"<p>Le FluteLab BXL, compos\u00e9 de 18 fl\u00fbtistes \u00e0 bec \u00e9tudiants, anciens \u00e9tudiants ou enseignants au Conservatoire royal de Bruxelles, propose un programme consacr\u00e9 \u00e0 Venise avec des oeuvres de Monteverdi, Willaert, Vivaldi, Morricone et Stravinsky.<\/p>\n<p>Dans le cadre du festival Festivita! 2025<\/p>","protected":false},"excerpt":{"rendered":"<p>Le FluteLab BXL, compos\u00e9 de 18 fl\u00fbtistes \u00e0 bec \u00e9tudiants, anciens \u00e9tudiants ou enseignants au Conservatoire royal de Bruxelles, propose un programme consacr\u00e9 \u00e0 Venise avec des oeuvres de Monteverdi, Willaert, Vivaldi, Morricone et Stravinsky. Dans le cadre du festival Festivita! 2025<\/p>","protected":false},"author":1,"featured_media":4321,"comment_status":"closed","ping_status":"closed","template":"","meta":{"_kad_blocks_custom_css":"","_kad_blocks_head_custom_js":"","_kad_blocks_body_custom_js":"","_kad_blocks_footer_custom_js":"","_kad_post_transparent":"default","_kad_post_title":"default","_kad_post_layout":"default","_kad_post_sidebar_id":"","_kad_post_content_style":"default","_kad_post_vertical_padding":"default","_kad_post_feature":"","_kad_post_feature_position":"","_kad_post_header":false,"_kad_post_footer":false,"_kad_post_classname":""},"tags":[],"mec_category":[],"class_list":["post-4540","mec-events","type-mec-events","status-publish","has-post-thumbnail","hentry"],"taxonomy_info":[],"featured_image_src_large":["https:\/\/musiqueancienne.be\/wp-content\/uploads\/2024\/09\/FluteLabMuMons-10-Laura-Pok-e1725364437790-1024x469.png",1024,469,true],"author_info":{"display_name":"musiqueancienne","author_link":"https:\/\/musiqueancienne.be\/en\/author\/musiqueancienne\/"},"comment_info":0,"_links":{"self":[{"href":"https:\/\/musiqueancienne.be\/en\/wp-json\/wp\/v2\/mec-events\/4540","targetHints":{"allow":["GET"]}}],"collection":[{"href":"https:\/\/musiqueancienne.be\/en\/wp-json\/wp\/v2\/mec-events"}],"about":[{"href":"https:\/\/musiqueancienne.be\/en\/wp-json\/wp\/v2\/types\/mec-events"}],"author":[{"embeddable":true,"href":"https:\/\/musiqueancienne.be\/en\/wp-json\/wp\/v2\/users\/1"}],"replies":[{"embeddable":true,"href":"https:\/\/musiqueancienne.be\/en\/wp-json\/wp\/v2\/comments?post=4540"}],"wp:featuredmedia":[{"embeddable":true,"href":"https:\/\/musiqueancienne.be\/en\/wp-json\/wp\/v2\/media\/4321"}],"wp:attachment":[{"href":"https:\/\/musiqueancienne.be\/en\/wp-json\/wp\/v2\/media?parent=4540"}],"wp:term":[{"taxonomy":"post_tag","embeddable":true,"href":"https:\/\/musiqueancienne.be\/en\/wp-json\/wp\/v2\/tags?post=4540"},{"taxonomy":"mec_category","embeddable":true,"href":"https:\/\/musiqueancienne.be\/en\/wp-json\/wp\/v2\/mec_category?post=4540"}],"curies":[{"name":"wp","href":"https:\/\/api.w.org\/{rel}","templated":true}]}}

<p>Le FluteLab BXL, composé de 18 flûtistes à bec étudiants, anciens étudiants ou enseignants au Conservatoire royal de Bruxelles, propose un programme consacré à Venise avec des oeuvres de Monteverdi, Willaert, Vivaldi, Morricone et Stravinsky.</p>
<p>Dans le cadre du festival Festivita! 2025</p>

<p>Le FluteLab BXL, composé de 18 flûtistes à bec étudiants, anciens étudiants ou enseignants au Conservatoire royal de Bruxelles, propose un programme consacré à Venise avec des oeuvres de Monteverdi, Willaert, Vivaldi, Morricone et Stravinsky. Dans le cadre du festival Festivita! 2025</p>
